{"id":142,"date":"2021-05-20T16:53:25","date_gmt":"2021-05-20T08:53:25","guid":{"rendered":"http:\/\/www.dv-alsace.com\/?page_id=142"},"modified":"2021-05-20T18:09:56","modified_gmt":"2021-05-20T10:09:56","slug":"les-cepages","status":"publish","type":"page","link":"http:\/\/www.dv-alsace.com\/?page_id=142","title":{"rendered":"Les C\u00e9pages"},"content":{"rendered":"\t\t<div data-elementor-type=\"wp-page\" data-elementor-id=\"142\" class=\"elementor elementor-142\" data-elementor-settings=\"[]\">\n\t\t\t\t\t\t\t<div class=\"elementor-section-wrap\">\n\t\t\t\t\t\t\t<section class=\"elementor-section elementor-top-section elementor-element elementor-element-37e1ed26 elementor-section-height-min-height elementor-section-content-middle elementor-section-items-stretch elementor-section-boxed elementor-section-height-default\" data-id=\"37e1ed26\" data-element_type=\"section\" data-settings=\"{&quot;background_background&quot;:&quot;classic&quot;,&quot;background_motion_fx_motion_fx_scrolling&quot;:&quot;yes&quot;,&quot;background_motion_fx_translateY_effect&quot;:&quot;yes&quot;,&quot;background_motion_fx_devices&quot;:[&quot;desktop&quot;,&quot;tablet&quot;],&quot;background_motion_fx_translateY_speed&quot;:{&quot;unit&quot;:&quot;px&quot;,&quot;size&quot;:4,&quot;sizes&quot;:[]},&quot;background_motion_fx_translateY_affectedRange&quot;:{&quot;unit&quot;:&quot;%&quot;,&quot;size&quot;:&quot;&quot;,&quot;sizes&quot;:{&quot;start&quot;:0,&quot;end&quot;:100}}}\">\n\t\t\t\t\t\t<div class=\"elementor-container elementor-column-gap-default\">\n\t\t\t\t\t<div class=\"elementor-column elementor-col-50 elementor-top-column elementor-element elementor-element-32206f31\" data-id=\"32206f31\" data-element_type=\"column\">\n\t\t\t<div class=\"elementor-widget-wrap elementor-element-populated\">\n\t\t\t\t\t\t\t\t<div class=\"elementor-element elementor-element-3d5f3de3 elementor-widget elementor-widget-heading\" data-id=\"3d5f3de3\" data-element_type=\"widget\" data-widget_type=\"heading.default\">\n\t\t\t\t<div class=\"elementor-widget-container\">\n\t\t\t<h2 class=\"elementor-heading-title elementor-size-default\">Pinot Noir<\/h2>\t\t<\/div>\n\t\t\t\t<\/div>\n\t\t\t\t<div class=\"elementor-element elementor-element-236a97a5 elementor-widget-divider--view-line elementor-widget elementor-widget-divider\" data-id=\"236a97a5\" data-element_type=\"widget\" data-widget_type=\"divider.default\">\n\t\t\t\t<div class=\"elementor-widget-container\">\n\t\t\t\t\t<div class=\"elementor-divider\">\n\t\t\t<span class=\"elementor-divider-separator\">\n\t\t\t\t\t\t<\/span>\n\t\t<\/div>\n\t\t\t\t<\/div>\n\t\t\t\t<\/div>\n\t\t\t\t<div class=\"elementor-element elementor-element-3cc1ed0d elementor-widget elementor-widget-text-editor\" data-id=\"3cc1ed0d\" data-element_type=\"widget\" data-widget_type=\"text-editor.default\">\n\t\t\t\t<div class=\"elementor-widget-container\">\n\t\t\t\t\t\t\t\tD\u00e9licat et \u00e9l\u00e9gant. Pinot noir est le seul c\u00e9page rouge autoris\u00e9 pour l\u2019Alsace AOC. Il offre une belle robe rubis tr\u00e8s brillante, des saveurs de cerise et de framboise, avec des nuances aromatiques.\t\t\t\t\t\t<\/div>\n\t\t\t\t<\/div>\n\t\t\t\t\t<\/div>\n\t\t<\/div>\n\t\t\t\t<div class=\"elementor-column elementor-col-50 elementor-top-column elementor-element elementor-element-9a8e396\" data-id=\"9a8e396\" data-element_type=\"column\">\n\t\t\t<div class=\"elementor-widget-wrap elementor-element-populated\">\n\t\t\t\t\t\t\t\t<div class=\"elementor-element elementor-element-a9f4dda elementor-widget elementor-widget-theme-post-featured-image elementor-widget-image\" data-id=\"a9f4dda\" data-element_type=\"widget\" data-widget_type=\"theme-post-featured-image.default\">\n\t\t\t\t<div class=\"elementor-widget-container\">\n\t\t\t\t\t\t\t\t\t\t\t\t\t\t\t<img loading=\"lazy\" decoding=\"async\" width=\"688\" height=\"475\" src=\"http:\/\/www.dv-alsace.com\/wp-content\/uploads\/2021\/05\/pinot-noir-1.jpg\" class=\"attachment-large size-large\" alt=\"\" srcset=\"http:\/\/www.dv-alsace.com\/wp-content\/uploads\/2021\/05\/pinot-noir-1.jpg 941w, http:\/\/www.dv-alsace.com\/wp-content\/uploads\/2021\/05\/pinot-noir-1-300x207.jpg 300w, http:\/\/www.dv-alsace.com\/wp-content\/uploads\/2021\/05\/pinot-noir-1-768x530.jpg 768w\" sizes=\"auto, (max-width: 688px) 100vw, 688px\" \/>\t\t\t\t\t\t\t\t\t\t\t\t\t\t\t<\/div>\n\t\t\t\t<\/div>\n\t\t\t\t\t<\/div>\n\t\t<\/div>\n\t\t\t\t\t\t\t<\/div>\n\t\t<\/section>\n\t\t\t\t<section class=\"elementor-section elementor-top-section elementor-element elementor-element-043e0f0 elementor-section-boxed elementor-section-height-default elementor-section-height-default\" data-id=\"043e0f0\" data-element_type=\"section\">\n\t\t\t\t\t\t<div class=\"elementor-container elementor-column-gap-default\">\n\t\t\t\t\t<div class=\"elementor-column elementor-col-50 elementor-top-column elementor-element elementor-element-6ad5a22\" data-id=\"6ad5a22\" data-element_type=\"column\">\n\t\t\t<div class=\"elementor-widget-wrap elementor-element-populated\">\n\t\t\t\t\t\t\t\t<div class=\"elementor-element elementor-element-beba3b8 elementor-widget elementor-widget-theme-post-featured-image elementor-widget-image\" data-id=\"beba3b8\" data-element_type=\"widget\" data-widget_type=\"theme-post-featured-image.default\">\n\t\t\t\t<div class=\"elementor-widget-container\">\n\t\t\t\t\t\t\t\t\t\t\t\t\t\t\t<img loading=\"lazy\" decoding=\"async\" width=\"688\" height=\"470\" src=\"http:\/\/www.dv-alsace.com\/wp-content\/uploads\/2021\/05\/gue.jpg\" class=\"attachment-large size-large\" alt=\"\" srcset=\"http:\/\/www.dv-alsace.com\/wp-content\/uploads\/2021\/05\/gue.jpg 941w, http:\/\/www.dv-alsace.com\/wp-content\/uploads\/2021\/05\/gue-300x205.jpg 300w, http:\/\/www.dv-alsace.com\/wp-content\/uploads\/2021\/05\/gue-768x525.jpg 768w\" sizes=\"auto, (max-width: 688px) 100vw, 688px\" \/>\t\t\t\t\t\t\t\t\t\t\t\t\t\t\t<\/div>\n\t\t\t\t<\/div>\n\t\t\t\t\t<\/div>\n\t\t<\/div>\n\t\t\t\t<div class=\"elementor-column elementor-col-50 elementor-top-column elementor-element elementor-element-35fb5f0\" data-id=\"35fb5f0\" data-element_type=\"column\">\n\t\t\t<div class=\"elementor-widget-wrap elementor-element-populated\">\n\t\t\t\t\t\t\t\t<div class=\"elementor-element elementor-element-4497201 elementor-widget elementor-widget-heading\" data-id=\"4497201\" data-element_type=\"widget\" data-widget_type=\"heading.default\">\n\t\t\t\t<div class=\"elementor-widget-container\">\n\t\t\t<h2 class=\"elementor-heading-title elementor-size-default\">Gewurztraminer<\/h2>\t\t<\/div>\n\t\t\t\t<\/div>\n\t\t\t\t<div class=\"elementor-element elementor-element-26e5a6a elementor-widget-divider--view-line elementor-widget elementor-widget-divider\" data-id=\"26e5a6a\" data-element_type=\"widget\" data-widget_type=\"divider.default\">\n\t\t\t\t<div class=\"elementor-widget-container\">\n\t\t\t\t\t<div class=\"elementor-divider\">\n\t\t\t<span class=\"elementor-divider-separator\">\n\t\t\t\t\t\t<\/span>\n\t\t<\/div>\n\t\t\t\t<\/div>\n\t\t\t\t<\/div>\n\t\t\t\t<div class=\"elementor-element elementor-element-e989691 elementor-widget elementor-widget-text-editor\" data-id=\"e989691\" data-element_type=\"widget\" data-widget_type=\"text-editor.default\">\n\t\t\t\t<div class=\"elementor-widget-container\">\n\t\t\t\t\t\t\t\tAromatique et exub\u00e9rant. Gewurztraminer est le symbole des vins d&#8217;Alsace. Il se distingue par son ar\u00f4me unique de litchi. En Alsace, nous l&#8217;utilisons pour \u00e9laborer de succulents vins moelleux issus de vendanges tardives ainsi que des blancs secs aromatiques.\t\t\t\t\t\t<\/div>\n\t\t\t\t<\/div>\n\t\t\t\t\t<\/div>\n\t\t<\/div>\n\t\t\t\t\t\t\t<\/div>\n\t\t<\/section>\n\t\t\t\t<section class=\"elementor-section elementor-top-section elementor-element elementor-element-a436e64 elementor-section-boxed elementor-section-height-default elementor-section-height-default\" data-id=\"a436e64\" data-element_type=\"section\">\n\t\t\t\t\t\t<div class=\"elementor-container elementor-column-gap-default\">\n\t\t\t\t\t<div class=\"elementor-column elementor-col-50 elementor-top-column elementor-element elementor-element-6d7a6ec\" data-id=\"6d7a6ec\" data-element_type=\"column\">\n\t\t\t<div class=\"elementor-widget-wrap elementor-element-populated\">\n\t\t\t\t\t\t\t\t<div class=\"elementor-element elementor-element-06532c6 elementor-widget elementor-widget-heading\" data-id=\"06532c6\" data-element_type=\"widget\" data-widget_type=\"heading.default\">\n\t\t\t\t<div class=\"elementor-widget-container\">\n\t\t\t<h2 class=\"elementor-heading-title elementor-size-default\">Muscat<\/h2>\t\t<\/div>\n\t\t\t\t<\/div>\n\t\t\t\t<div class=\"elementor-element elementor-element-181b74e elementor-widget-divider--view-line elementor-widget elementor-widget-divider\" data-id=\"181b74e\" data-element_type=\"widget\" data-widget_type=\"divider.default\">\n\t\t\t\t<div class=\"elementor-widget-container\">\n\t\t\t\t\t<div class=\"elementor-divider\">\n\t\t\t<span class=\"elementor-divider-separator\">\n\t\t\t\t\t\t<\/span>\n\t\t<\/div>\n\t\t\t\t<\/div>\n\t\t\t\t<\/div>\n\t\t\t\t<div class=\"elementor-element elementor-element-4dfb287 elementor-widget elementor-widget-text-editor\" data-id=\"4dfb287\" data-element_type=\"widget\" data-widget_type=\"text-editor.default\">\n\t\t\t\t<div class=\"elementor-widget-container\">\n\t\t\t\t\t\t\t\tFruit\u00e9 et frais. Muscat est un des c\u00e9pages nobles d\u2019Alsace. C\u2019est un vin \u00e0 boire pour sa vivacit\u00e9 et sa jeunesse.\t\t\t\t\t\t<\/div>\n\t\t\t\t<\/div>\n\t\t\t\t\t<\/div>\n\t\t<\/div>\n\t\t\t\t<div class=\"elementor-column elementor-col-50 elementor-top-column elementor-element elementor-element-2c120a4\" data-id=\"2c120a4\" data-element_type=\"column\">\n\t\t\t<div class=\"elementor-widget-wrap elementor-element-populated\">\n\t\t\t\t\t\t\t\t<div class=\"elementor-element elementor-element-5465cd5 elementor-widget elementor-widget-theme-post-featured-image elementor-widget-image\" data-id=\"5465cd5\" data-element_type=\"widget\" data-widget_type=\"theme-post-featured-image.default\">\n\t\t\t\t<div class=\"elementor-widget-container\">\n\t\t\t\t\t\t\t\t\t\t\t\t\t\t\t<img loading=\"lazy\" decoding=\"async\" width=\"688\" height=\"468\" src=\"http:\/\/www.dv-alsace.com\/wp-content\/uploads\/2021\/05\/muscat.jpg\" class=\"attachment-large size-large\" alt=\"\" srcset=\"http:\/\/www.dv-alsace.com\/wp-content\/uploads\/2021\/05\/muscat.jpg 946w, http:\/\/www.dv-alsace.com\/wp-content\/uploads\/2021\/05\/muscat-300x204.jpg 300w, http:\/\/www.dv-alsace.com\/wp-content\/uploads\/2021\/05\/muscat-768x523.jpg 768w\" sizes=\"auto, (max-width: 688px) 100vw, 688px\" \/>\t\t\t\t\t\t\t\t\t\t\t\t\t\t\t<\/div>\n\t\t\t\t<\/div>\n\t\t\t\t\t<\/div>\n\t\t<\/div>\n\t\t\t\t\t\t\t<\/div>\n\t\t<\/section>\n\t\t\t\t<section class=\"elementor-section elementor-top-section elementor-element elementor-element-5e64317 elementor-section-boxed elementor-section-height-default elementor-section-height-default\" data-id=\"5e64317\" data-element_type=\"section\">\n\t\t\t\t\t\t<div class=\"elementor-container elementor-column-gap-default\">\n\t\t\t\t\t<div class=\"elementor-column elementor-col-50 elementor-top-column elementor-element elementor-element-baff5c8\" data-id=\"baff5c8\" data-element_type=\"column\">\n\t\t\t<div class=\"elementor-widget-wrap elementor-element-populated\">\n\t\t\t\t\t\t\t\t<div class=\"elementor-element elementor-element-48a92f5 elementor-widget elementor-widget-theme-post-featured-image elementor-widget-image\" data-id=\"48a92f5\" data-element_type=\"widget\" data-widget_type=\"theme-post-featured-image.default\">\n\t\t\t\t<div class=\"elementor-widget-container\">\n\t\t\t\t\t\t\t\t\t\t\t\t\t\t\t<img loading=\"lazy\" decoding=\"async\" width=\"688\" height=\"476\" src=\"http:\/\/www.dv-alsace.com\/wp-content\/uploads\/2021\/05\/riesling.jpg\" class=\"attachment-large size-large\" alt=\"\" srcset=\"http:\/\/www.dv-alsace.com\/wp-content\/uploads\/2021\/05\/riesling.jpg 939w, http:\/\/www.dv-alsace.com\/wp-content\/uploads\/2021\/05\/riesling-300x207.jpg 300w, http:\/\/www.dv-alsace.com\/wp-content\/uploads\/2021\/05\/riesling-768x531.jpg 768w\" sizes=\"auto, (max-width: 688px) 100vw, 688px\" \/>\t\t\t\t\t\t\t\t\t\t\t\t\t\t\t<\/div>\n\t\t\t\t<\/div>\n\t\t\t\t\t<\/div>\n\t\t<\/div>\n\t\t\t\t<div class=\"elementor-column elementor-col-50 elementor-top-column elementor-element elementor-element-60ef4f2\" data-id=\"60ef4f2\" data-element_type=\"column\">\n\t\t\t<div class=\"elementor-widget-wrap elementor-element-populated\">\n\t\t\t\t\t\t\t\t<div class=\"elementor-element elementor-element-a4a7405 elementor-widget elementor-widget-heading\" data-id=\"a4a7405\" data-element_type=\"widget\" data-widget_type=\"heading.default\">\n\t\t\t\t<div class=\"elementor-widget-container\">\n\t\t\t<h2 class=\"elementor-heading-title elementor-size-default\">Riesling<\/h2>\t\t<\/div>\n\t\t\t\t<\/div>\n\t\t\t\t<div class=\"elementor-element elementor-element-21d413c elementor-widget-divider--view-line elementor-widget elementor-widget-divider\" data-id=\"21d413c\" data-element_type=\"widget\" data-widget_type=\"divider.default\">\n\t\t\t\t<div class=\"elementor-widget-container\">\n\t\t\t\t\t<div class=\"elementor-divider\">\n\t\t\t<span class=\"elementor-divider-separator\">\n\t\t\t\t\t\t<\/span>\n\t\t<\/div>\n\t\t\t\t<\/div>\n\t\t\t\t<\/div>\n\t\t\t\t<div class=\"elementor-element elementor-element-a899085 elementor-widget elementor-widget-text-editor\" data-id=\"a899085\" data-element_type=\"widget\" data-widget_type=\"text-editor.default\">\n\t\t\t\t<div class=\"elementor-widget-container\">\n\t\t\t\t\t\t\t\tFloral et min\u00e9ral. Riesling d&#8217;Alsace a un style diff\u00e9rent de celui de son voisin allemand. Il est ample, rac\u00e9 et plein de notes min\u00e9rales complexes gr\u00e2ce \u00e0 un bon ensoleillement et au terroir alsacien.\t\t\t\t\t\t<\/div>\n\t\t\t\t<\/div>\n\t\t\t\t\t<\/div>\n\t\t<\/div>\n\t\t\t\t\t\t\t<\/div>\n\t\t<\/section>\n\t\t\t\t<section class=\"elementor-section elementor-top-section elementor-element elementor-element-6c37dd0 elementor-section-boxed elementor-section-height-default elementor-section-height-default\" data-id=\"6c37dd0\" data-element_type=\"section\">\n\t\t\t\t\t\t<div class=\"elementor-container elementor-column-gap-default\">\n\t\t\t\t\t<div class=\"elementor-column elementor-col-50 elementor-top-column elementor-element elementor-element-4ad12d3\" data-id=\"4ad12d3\" data-element_type=\"column\">\n\t\t\t<div class=\"elementor-widget-wrap elementor-element-populated\">\n\t\t\t\t\t\t\t\t<div class=\"elementor-element elementor-element-b280058 elementor-widget elementor-widget-heading\" data-id=\"b280058\" data-element_type=\"widget\" data-widget_type=\"heading.default\">\n\t\t\t\t<div class=\"elementor-widget-container\">\n\t\t\t<h2 class=\"elementor-heading-title elementor-size-default\">Pinot Gris<\/h2>\t\t<\/div>\n\t\t\t\t<\/div>\n\t\t\t\t<div class=\"elementor-element elementor-element-c1e8327 elementor-widget-divider--view-line elementor-widget elementor-widget-divider\" data-id=\"c1e8327\" data-element_type=\"widget\" data-widget_type=\"divider.default\">\n\t\t\t\t<div class=\"elementor-widget-container\">\n\t\t\t\t\t<div class=\"elementor-divider\">\n\t\t\t<span class=\"elementor-divider-separator\">\n\t\t\t\t\t\t<\/span>\n\t\t<\/div>\n\t\t\t\t<\/div>\n\t\t\t\t<\/div>\n\t\t\t\t<div class=\"elementor-element elementor-element-677dfa2 elementor-widget elementor-widget-text-editor\" data-id=\"677dfa2\" data-element_type=\"widget\" data-widget_type=\"text-editor.default\">\n\t\t\t\t<div class=\"elementor-widget-container\">\n\t\t\t\t\t\t\t\tRond et fum\u00e9. Pinot Gris est un autre c\u00e9page embl\u00e9matique d&#8217;Alsace. Il est plein d&#8217;ar\u00f4mes de fruits subtropicaux et de notes de noix s\u00e9ch\u00e9es. Il est rond et opulent en bouche, avec une saveur fum\u00e9e caract\u00e9ristique.\t\t\t\t\t\t<\/div>\n\t\t\t\t<\/div>\n\t\t\t\t\t<\/div>\n\t\t<\/div>\n\t\t\t\t<div class=\"elementor-column elementor-col-50 elementor-top-column elementor-element elementor-element-6ec6575\" data-id=\"6ec6575\" data-element_type=\"column\">\n\t\t\t<div class=\"elementor-widget-wrap elementor-element-populated\">\n\t\t\t\t\t\t\t\t<div class=\"elementor-element elementor-element-f3177e4 elementor-widget elementor-widget-theme-post-featured-image elementor-widget-image\" data-id=\"f3177e4\" data-element_type=\"widget\" data-widget_type=\"theme-post-featured-image.default\">\n\t\t\t\t<div class=\"elementor-widget-container\">\n\t\t\t\t\t\t\t\t\t\t\t\t\t\t\t<img loading=\"lazy\" decoding=\"async\" width=\"688\" height=\"473\" src=\"http:\/\/www.dv-alsace.com\/wp-content\/uploads\/2021\/05\/pinot-gris.jpg\" class=\"attachment-large size-large\" alt=\"\" srcset=\"http:\/\/www.dv-alsace.com\/wp-content\/uploads\/2021\/05\/pinot-gris.jpg 938w, http:\/\/www.dv-alsace.com\/wp-content\/uploads\/2021\/05\/pinot-gris-300x206.jpg 300w, http:\/\/www.dv-alsace.com\/wp-content\/uploads\/2021\/05\/pinot-gris-768x528.jpg 768w\" sizes=\"auto, (max-width: 688px) 100vw, 688px\" \/>\t\t\t\t\t\t\t\t\t\t\t\t\t\t\t<\/div>\n\t\t\t\t<\/div>\n\t\t\t\t\t<\/div>\n\t\t<\/div>\n\t\t\t\t\t\t\t<\/div>\n\t\t<\/section>\n\t\t\t\t\t\t<\/div>\n\t\t\t\t\t<\/div>\n\t\t","protected":false},"excerpt":{"rendered":"<p>Pinot Noir D\u00e9licat e&hellip;<\/p>\n","protected":false},"author":1,"featured_media":0,"parent":0,"menu_order":0,"comment_status":"closed","ping_status":"closed","template":"elementor_header_footer","meta":{"footnotes":""},"class_list":["post-142","page","type-page","status-publish","hentry"],"_links":{"self":[{"href":"http:\/\/www.dv-alsace.com\/index.php?rest_route=\/wp\/v2\/pages\/142","targetHints":{"allow":["GET"]}}],"collection":[{"href":"http:\/\/www.dv-alsace.com\/index.php?rest_route=\/wp\/v2\/pages"}],"about":[{"href":"http:\/\/www.dv-alsace.com\/index.php?rest_route=\/wp\/v2\/types\/page"}],"author":[{"embeddable":true,"href":"http:\/\/www.dv-alsace.com\/index.php?rest_route=\/wp\/v2\/users\/1"}],"replies":[{"embeddable":true,"href":"http:\/\/www.dv-alsace.com\/index.php?rest_route=%2Fwp%2Fv2%2Fcomments&post=142"}],"version-history":[{"count":16,"href":"http:\/\/www.dv-alsace.com\/index.php?rest_route=\/wp\/v2\/pages\/142\/revisions"}],"predecessor-version":[{"id":199,"href":"http:\/\/www.dv-alsace.com\/index.php?rest_route=\/wp\/v2\/pages\/142\/revisions\/199"}],"wp:attachment":[{"href":"http:\/\/www.dv-alsace.com\/index.php?rest_route=%2Fwp%2Fv2%2Fmedia&parent=142"}],"curies":[{"name":"wp","href":"https:\/\/api.w.org\/{rel}","templated":true}]}}